rue
Is 38628 a multiple of 116?
True
Does 44 divide 396?
True
Does 233 divide 18407?
True
Does 15 divide 5670?
True
Is 48678 a multiple of 38?
True
Is 247 a multiple of 5?
False
Does 27 divide 2727?
True
Does 32 divide 14786?
False
Does 12 divide 909?
False
Is 46 a factor of 3450?
True
Is 2380 a multiple of 14?
True
Is 671 a multiple of 13?
False
Is 5546 a multiple of 16?
False
Is 26699 a multiple of 9?
False
Is 9 a factor of 279?
True
Does 2 divide 287?
False
Is 6912 a multiple of 72?
True
Does 29 divide 2117?
True
Does 41 divide 246?
True
Is 94 a factor of 6295?
False
Is 47 a factor of 25383?
False
Is 5 a factor of 7412?
False
Is 16326 a multiple of 136?
False
Is 1326 a multiple of 12?
False
Does 14 divide 1249?
False
Is 21 a factor of 4473?
True
Does 27 divide 270?
True
Is 444 a multiple of 18?
False
Is 6911 a multiple of 31?
False
Is 13286 a multiple of 182?
True
Does 31 divide 814?
False
Is 52410 a multiple of 6?
True
Is 11 a factor of 18188?
False
Is 1485 a multiple of 9?
True
Does 92 divide 8924?
True
Is 9320 a multiple of 20?
True
Is 534 a multiple of 89?
True
Is 42 a factor of 7666?
False
Is 8582 even?
True
Does 29 divide 70099?
False
Does 13 divide 689?
True
Is 9 a factor of 450?
True
Is 16916 a multiple of 22?
False
Is 2992 a multiple of 22?
True
Is 5 a factor of 90?
True
Is 4 a factor of 231?
False
Is 28411 a multiple of 56?
False
Does 88 divide 10824?
True
Is 10 a factor of 1143?
False
Is 9 a factor of 435?
False
Does 57 divide 1026?
True
Does 10 divide 3561?
False
Is 1242 a multiple of 54?
True
Does 7 divide 1942?
False
Is 13870 a multiple of 73?
True
Is 4 a factor of 116?
True
Does 39 divide 10374?
True
Is 5395 a multiple of 65?
True
Is 222 a factor of 47064?
True
Is 24887 a multiple of 100?
False
Is 25 a factor of 1050?
True
Does 9 divide 94914?
True
Does 10 divide 680?
True
Does 116 divide 8236?
True
Is 43 a factor of 77056?
True
Does 20 divide 5918?
False
Is 3638 a multiple of 9?
False
Is 6 a factor of 729?
False
Is 37919 a multiple of 53?
False
Is 883 a multiple of 6?
False
Is 36014 a multiple of 11?
True
Is 3094 a multiple of 105?
False
Does 46 divide 763?
False
Is 12 a factor of 2508?
True
Is 2552 a multiple of 31?
False
Is 25 a factor of 1175?
True
Is 7 a factor of 2591?
False
Does 51 divide 12717?
False
Is 70 a factor of 350?
True
Does 14 divide 37755?
False
Is 68 a factor of 527?
False
Does 20 divide 835?
False
Is 13447 a multiple of 17?
True
Does 146 divide 23683?
False
Is 935 a multiple of 55?
True
Is 1800 a multiple of 5?
True
Is 15 a factor of 33585?
True
Is 20640 a multiple of 129?
True
Is 21 a factor of 344?
False
Does 58 divide 16240?
True
Does 24 divide 216?
True
Is 6 a factor of 475?
False
Does 38 divide 161?
False
Is 42 a factor of 2524?
False
Does 2 divide 5483?
False
Does 24 divide 10361?
False
Is 3626 a multiple of 61?
False
Is 23 a factor of 42757?
True
Does 75 divide 975?
True
Is 16 a factor of 5512?
False
Is 11 a factor of 20100?
False
Does 5 divide 1362?
False
Is 1283 a multiple of 26?
False
Is 28 a factor of 168?
True
Does 24 divide 15468?
False
Is 224 a multiple of 16?
True
Is 114 even?
True
Is 310 a multiple of 31?
True
Is 1083 a multiple of 57?
True
Is 12220 a multiple of 26?
True
Does 37 divide 33417?
False
Does 16 divide 432?
True
Does 8 divide 15323?
False
Is 1225 a multiple of 5?
True
Does 68 divide 17408?
True
Does 10 divide 990?
True
Is 9783 a multiple of 17?
False
Is 5 a factor of 490?
True
Is 130 a factor of 22032?
False
Does 84 divide 2950?
False
Is 554 even?
True
Does 37 divide 8598?
False
Does 3 divide 172?
False
Is 22 a factor of 5456?
True
Is 615 a multiple of 13?
False
Does 112 divide 2240?
True
Does 14 divide 340?
False
Does 145 divide 56753?
False
Does 6 divide 2644?
False
Is 3516 a multiple of 25?
False
Does 56 divide 2400?
False
Is 12582 a multiple of 54?
True
Is 3 a factor of 434?
False
Is 24 a factor of 1163?
False
Does 17 divide 34?
True
Is 88 a factor of 27368?
True
Is 2093 a multiple of 106?
False
Does 3 divide 679?
False
Is 15 a factor of 4945?
False
Is 782 a multiple of 97?
False
Does 3 divide 1005?
True
Does 45 divide 1745?
False
Does 6 divide 164?
False
Is 26 a factor of 25607?
False
Is 44 a factor of 21164?
True
Is 17 a factor of 289?
True
Is 9 a factor of 61?
False
Is 5 a factor of 302?
False
Is 3569 a multiple of 78?
False
Is 23 a factor of 7895?
False
Does 4 divide 1599?
False
Is 82 a factor of 1476?
True
Does 28 divide 476?
True
Does 12 divide 612?
True
Does 87 divide 466?
False
Is 1571 a multiple of 13?
False
Is 57 a multiple of 57?
True
Does 3 divide 216?
True
Is 11990 a multiple of 95?
False
Does 9 divide 28472?
False
Is 22 a factor of 2244?
True
Is 7 a factor of 153?
False
Is 7 a factor of 535?
False
Is 8556 a multiple of 124?
True
Is 42276 a multiple of 23?
False
Does 44 divide 24361?
False
Does 15 divide 612?
False
Does 7 divide 32?
False
Does 5 divide 995?
True
Is 13545 a multiple of 53?
False
Is 26 a factor of 76682?
False
Does 14 divide 595?
False
Is 30 a multiple of 3?
True
Is 90 a factor of 25470?
True
Is 41695 a multiple of 24?
False
Is 16164 a multiple of 99?
False
Does 20 divide 37020?
True
Is 17 a factor of 75789?
False
Is 41 a factor of 33210?
True
Is 99 a factor of 41628?
False
Is 1009 a multiple of 30?
False
Is 9 a factor of 2268?
True
Is 14782 a multiple of 8?
False
Is 14 a factor of 525?
False
Does 19 divide 176510?
True
Does 22 divide 2061?
False
Is 55173 a multiple of 347?
True
Is 9517 a multiple of 9?
False
Is 88 a factor of 1096?
False
Is 17024 a multiple of 28?
True
Does 4 divide 5027?
False
Is 570 a multiple of 10?
True
Is 49 a factor of 4366?
False
Is 6 a factor of 5904?
True
Does 23 divide 1219?
True
Is 7873 a multiple of 66?
False
Is 28 a factor of 122?
False
Does 21 divide 23197?
False
Is 239 a factor of 104447?
False
Is 1257 a multiple of 19?
False
Is 111 a factor of 2936?
False
Is 17 a factor of 7990?
True
Does 17 divide 119?
True
Does 3 divide 106?
False
Is 83 a factor of 25269?
False
Does 72 divide 12520?
False
Does 3 divide 180?
True
Is 9044 a multiple of 119?
True
Does 5 divide 294?
False
Does 84 divide 252?
True
Is 3192 a multiple of 8?
True
Is 7 a factor of 283?
False
Does 13 divide 1885?
True
Is 22 a factor of 1105?
False
Is 2224 a multiple of 27?
False
Is 110 a factor of 32735?
False
Does 95 divide 1722?
False
Is 478 a multiple of 18?
False
Is 13 a factor of 1430?
True
Does 41 divide 44854?
True
Is 2585 a multiple of 10?
False
Does 49 divide 1225?
True
Is 9701 a multiple of 22?
False
Is 3 a factor of 970?
False
Does 138 divide 7866?
True
Is 41 a factor of 519?
False
Is 3648 a multiple of 24?
True
Is 23 a multiple of 23?
True
Is 33 a factor of 17144?
False
Is 20296 a multiple of 118?
True
Does 21 divide 16570?
False
Is 688 a multiple of 8?
True
Does 10 divide 6563?
False
Is 36 a multiple of 12?
True
Is 24616 a multiple of 36?
False
Is 916 a multiple of 20?
False
Is 13 a factor of 23205?
True
Is 1651 a multiple of 5?
False
Does 24 divide 720?
True
Does 12 divide 336?
True
Is 3267 a multiple of 12?
False
Is 21 a factor of 2495?
False
Does 15 divide 337?
False
Is 14355 a multiple of 45?
True
Does 82 divide 5386?
False
Does 21 divide 10055?
False
Is 861 a multiple of 26?
False
Is 3 a factor of 78?
True
Does 134 divide 76391?
False
Is 7 a factor of 21945?
True
Does 5 divide 4671?
False
Is 18 a factor of 10368?
True
Is 1262 a multiple of 3?
False
Is 77 a factor of 1390?
False
Is 42 a factor of 918?
False
Is 4 a factor of 18788?
True
Does 108 divide 3421?
False
Does 16 divide 5363?
False
Is 2049 a multiple of 3?
True
Is 2 a factor of 318?
True
Is 25 a factor of 677?
False
Is 11424 a multiple of 34?
True
Is 12 a factor of 15936?
True
Is 24691 a multiple of 265?
False
Does 5 divide 95?
True
Is 12 a factor of 14160?
True
Does 57 divide 5529?
True
Is 15 a factor of 68175?
True
Is 408 a multiple of 3?
True
Is 1121 a multiple of 30?
False
Is 14 a factor of 29624?
True
Is 12 a factor of 661?
False
Is 1320 a multiple of 8?
True
Is 3057 a multiple of 53?
False
Does 24 divide 5496?
True
Is 1700 a multiple of 68?
True
Is 278 a factor of 5838?
True
Is 4176 a multiple of 13?
False
Is 2797 a multiple of 8?
False
Does 5 divide 667?
False
Is 21 a factor of 10479?
True
Is 9 a factor of 1512?
True
Is 2127 a multiple of 8?
False
Is 34 a factor of 190